{"id":1254,"date":"2025-06-01T15:31:34","date_gmt":"2025-06-01T13:31:34","guid":{"rendered":"https:\/\/ergoproduit.com\/?page_id=1254"},"modified":"2025-06-01T15:36:44","modified_gmt":"2025-06-01T13:36:44","slug":"mentions-legales","status":"publish","type":"page","link":"https:\/\/ergoproduit.com\/?page_id=1254","title":{"rendered":"Mentions l\u00e9gales"},"content":{"rendered":"\t\t<div data-elementor-type=\"wp-page\" data-elementor-id=\"1254\" class=\"elementor elementor-1254\" data-elementor-post-type=\"page\">\n\t\t\t\t<div class=\"elementor-element elementor-element-7ccc865e e-flex e-con-boxed e-con e-parent\" data-id=\"7ccc865e\" data-element_type=\"container\" data-e-type=\"container\" data-settings=\"{&quot;background_background&quot;:&quot;classic&quot;}\">\n\t\t\t\t\t<div class=\"e-con-inner\">\n\t\t<div class=\"elementor-element elementor-element-2a66f25b e-con-full e-flex e-con e-child\" data-id=\"2a66f25b\" data-element_type=\"container\" data-e-type=\"container\">\n\t\t<div class=\"elementor-element elementor-element-324fdc70 e-con-full e-flex e-con e-child\" data-id=\"324fdc70\" data-element_type=\"container\" data-e-type=\"container\">\n\t\t<div class=\"elementor-element elementor-element-6d68b7ff e-con-full e-flex e-con e-child\" data-id=\"6d68b7ff\" data-element_type=\"container\" data-e-type=\"container\">\n\t\t\t\t<div class=\"elementor-element elementor-element-1eb28a51 elementor-invisible elementor-widget elementor-widget-heading\" data-id=\"1eb28a51\" data-element_type=\"widget\" data-e-type=\"widget\" data-settings=\"{&quot;_animation&quot;:&quot;fadeInDown&quot;}\" data-widget_type=\"heading.default\">\n\t\t\t\t<div class=\"elementor-widget-container\">\n\t\t\t\t\t<h1 class=\"elementor-heading-title elementor-size-default\">Mentions l\u00e9gales<\/h1>\t\t\t\t<\/div>\n\t\t\t\t<\/div>\n\t\t\t\t<div class=\"elementor-element elementor-element-7c303260 elementor-widget-divider--view-line elementor-widget elementor-widget-divider\" data-id=\"7c303260\" data-element_type=\"widget\" data-e-type=\"widget\" data-widget_type=\"divider.default\">\n\t\t\t\t<div class=\"elementor-widget-container\">\n\t\t\t\t\t\t\t<div class=\"elementor-divider\">\n\t\t\t<span class=\"elementor-divider-separator\">\n\t\t\t\t\t\t<\/span>\n\t\t<\/div>\n\t\t\t\t\t\t<\/div>\n\t\t\t\t<\/div>\n\t\t\t\t<div class=\"elementor-element elementor-element-3e415779 elementor-icon-list--layout-inline elementor-align-start elementor-list-item-link-full_width elementor-invisible elementor-widget elementor-widget-icon-list\" data-id=\"3e415779\" data-element_type=\"widget\" data-e-type=\"widget\" data-settings=\"{&quot;_animation&quot;:&quot;fadeInRight&quot;}\" data-widget_type=\"icon-list.default\">\n\t\t\t\t<div class=\"elementor-widget-container\">\n\t\t\t\t\t\t\t<ul class=\"elementor-icon-list-items elementor-inline-items\">\n\t\t\t\t\t\t\t<li class=\"elementor-icon-list-item elementor-inline-item\">\n\t\t\t\t\t\t\t\t\t\t\t<a href=\"https:\/\/ergoproduit.com\">\n\n\t\t\t\t\t\t\t\t\t\t\t<span class=\"elementor-icon-list-text\">Accueil<\/span>\n\t\t\t\t\t\t\t\t\t\t\t<\/a>\n\t\t\t\t\t\t\t\t\t<\/li>\n\t\t\t\t\t\t\t\t<li class=\"elementor-icon-list-item elementor-inline-item\">\n\t\t\t\t\t\t\t\t\t\t\t<a href=\"#\">\n\n\t\t\t\t\t\t\t\t\t\t\t\t<span class=\"elementor-icon-list-icon\">\n\t\t\t\t\t\t\t<i aria-hidden=\"true\" class=\"mdi mdi-slash-forward\"><\/i>\t\t\t\t\t\t<\/span>\n\t\t\t\t\t\t\t\t\t\t<span class=\"elementor-icon-list-text\">Mentions l\u00e9gales<\/span>\n\t\t\t\t\t\t\t\t\t\t\t<\/a>\n\t\t\t\t\t\t\t\t\t<\/li>\n\t\t\t\t\t\t<\/ul>\n\t\t\t\t\t\t<\/div>\n\t\t\t\t<\/div>\n\t\t\t\t<\/div>\n\t\t\t\t<\/div>\n\t\t\t\t<\/div>\n\t\t\t\t\t<\/div>\n\t\t\t\t<\/div>\n\t\t<div class=\"elementor-element elementor-element-770d4d e-flex e-con-boxed e-con e-parent\" data-id=\"770d4d\" data-element_type=\"container\" data-e-type=\"container\">\n\t\t\t\t\t<div class=\"e-con-inner\">\n\t\t<div class=\"elementor-element elementor-element-5c0e95d0 e-con-full e-flex e-con e-child\" data-id=\"5c0e95d0\" data-element_type=\"container\" data-e-type=\"container\">\n\t\t\t\t<div class=\"elementor-element elementor-element-4f703ce4 elementor-widget elementor-widget-heading\" data-id=\"4f703ce4\" data-element_type=\"widget\" data-e-type=\"widget\" data-widget_type=\"heading.default\">\n\t\t\t\t<div class=\"elementor-widget-container\">\n\t\t\t\t\t<h2 class=\"elementor-heading-title elementor-size-default\">Mentions l\u00e9gales<\/h2>\t\t\t\t<\/div>\n\t\t\t\t<\/div>\n\t\t\t\t<div class=\"elementor-element elementor-element-2c67fac6 elementor-widget-divider--view-line elementor-widget elementor-widget-divider\" data-id=\"2c67fac6\" data-element_type=\"widget\" data-e-type=\"widget\" data-widget_type=\"divider.default\">\n\t\t\t\t<div class=\"elementor-widget-container\">\n\t\t\t\t\t\t\t<div class=\"elementor-divider\">\n\t\t\t<span class=\"elementor-divider-separator\">\n\t\t\t\t\t\t<\/span>\n\t\t<\/div>\n\t\t\t\t\t\t<\/div>\n\t\t\t\t<\/div>\n\t\t\t\t<div class=\"elementor-element elementor-element-7c49fca5 elementor-widget elementor-widget-text-editor\" data-id=\"7c49fca5\" data-element_type=\"widget\" data-e-type=\"widget\" data-widget_type=\"text-editor.default\">\n\t\t\t\t<div class=\"elementor-widget-container\">\n\t\t\t\t\t\t\t\t\t<h3 class=\"\" data-start=\"228\" data-end=\"247\">\u00c9diteur du site<\/h3><p class=\"\" data-start=\"249\" data-end=\"323\">Le site <strong><a href=\"http:\/\/www.foodcompta.be\">www.foodcompta.be<\/a><\/strong> est \u00e9dit\u00e9 par :<\/p><p class=\"\" data-start=\"325\" data-end=\"510\"><strong data-start=\"325\" data-end=\"347\">Connect &amp; Co SRL<\/strong><br data-start=\"347\" data-end=\"350\" \/>Num\u00e9ro d\u2019entreprise : <strong data-start=\"372\" data-end=\"391\">BE 0794.731.787<\/strong><br data-start=\"391\" data-end=\"394\" \/>Adresse : <a tabindex=\"0\" href=\"https:\/\/www.google.com\/maps\/place\/\/data=!4m2!3m1!1s0x47c3c59c58c8aabd:0xd50976b3ec28915f?sa=X&amp;ved=1t:8290&amp;ictx=111\" data-url=\"\/maps\/place\/\/data=!4m2!3m1!1s0x47c3c59c58c8aabd:0xd50976b3ec28915f?sa=X&amp;ved=2ahUKEwjZhNu1qtCNAxVjU6QEHfmSB38Q4kB6BAgFEAA\" data-sb=\"\/url?sa=t&amp;source=web&amp;rct=j&amp;opi=89978449&amp;url=\/maps\/place\/\/data%3D!4m2!3m1!1s0x47c3c59c58c8aabd:0xd50976b3ec28915f%3Fsa%3DX%26ved%3D1t:8290%26ictx%3D111&amp;ved=2ahUKEwjZhNu1qtCNAxVjU6QEHfmSB38Q4kB6BAhdEAM&amp;usg=AOvVaw2mLTYa9o7wyV-zb09lTmv2\"><strong>Av. Montjoie 253\/B, 1180 Uccle<\/strong><\/a><strong data-start=\"404\" data-end=\"458\">, Belgique<\/strong><br data-start=\"458\" data-end=\"461\" \/>Email : foodcompta.be@gmail.com<br data-start=\"482\" data-end=\"485\" \/>T\u00e9l\u00e9phone : +32 2 344.00.47<\/p><hr class=\"\" data-start=\"512\" data-end=\"515\" \/><h3 class=\"\" data-start=\"517\" data-end=\"548\">Directeur de la publication<\/h3><p class=\"\" data-start=\"550\" data-end=\"664\">Le directeur de la publication du site est Thierry Kahn<\/p><hr class=\"\" data-start=\"666\" data-end=\"669\" \/><h3 class=\"\" data-start=\"671\" data-end=\"686\">H\u00e9bergement<\/h3><p class=\"\" data-start=\"688\" data-end=\"713\">Le site est h\u00e9berg\u00e9 par :<\/p><p class=\"\" data-start=\"715\" data-end=\"858\"><strong data-start=\"715\" data-end=\"750\">WordPress.com \u2013 Automattic Inc.<\/strong><br data-start=\"750\" data-end=\"753\" \/>60 29th Street #343, San Francisco, CA 94110, \u00c9tats-Unis<br data-start=\"809\" data-end=\"812\" \/><a class=\"\" href=\"https:\/\/wordpress.com\" target=\"_new\" rel=\"noopener\" data-start=\"812\" data-end=\"858\">https:\/\/wordpress.com<\/a><\/p><hr class=\"\" data-start=\"860\" data-end=\"863\" \/><h3 class=\"\" data-start=\"865\" data-end=\"893\">Propri\u00e9t\u00e9 intellectuelle<\/h3><p class=\"\" data-start=\"895\" data-end=\"1097\">L\u2019ensemble du contenu du site [foodcompta.be], y compris les textes, images, graphismes, logos, vid\u00e9os et autres \u00e9l\u00e9ments, est la propri\u00e9t\u00e9 exclusive de <strong data-start=\"1050\" data-end=\"1072\">E-Connect &amp; Co SRL<\/strong>, sauf mention contraire.<\/p><p class=\"\" data-start=\"1099\" data-end=\"1238\">Toute reproduction, distribution, modification ou utilisation de ces contenus sans autorisation \u00e9crite pr\u00e9alable est strictement interdite.<\/p><hr class=\"\" data-start=\"1240\" data-end=\"1243\" \/><h3 class=\"\" data-start=\"1245\" data-end=\"1277\">Limitation de responsabilit\u00e9<\/h3><p class=\"\" data-start=\"1279\" data-end=\"1548\"><strong data-start=\"1279\" data-end=\"1295\">Food Compta<\/strong> s\u2019efforce de fournir sur le site des informations exactes et \u00e0 jour. Toutefois, l&rsquo;entreprise ne saurait \u00eatre tenue responsable des \u00e9ventuelles erreurs, omissions ou inexactitudes, ni des dommages directs ou indirects r\u00e9sultant de l\u2019utilisation du site.<\/p><hr class=\"\" data-start=\"1550\" data-end=\"1553\" \/><h3 class=\"\" data-start=\"1555\" data-end=\"1573\">Liens externes<\/h3><p class=\"\" data-start=\"1575\" data-end=\"1732\">Le site peut contenir des liens vers des sites tiers. <strong data-start=\"1629\" data-end=\"1645\">Food Compta<\/strong> n\u2019exerce aucun contr\u00f4le sur leur contenu et d\u00e9cline toute responsabilit\u00e9 \u00e0 leur \u00e9gard.<\/p><hr class=\"\" data-start=\"1734\" data-end=\"1737\" \/><h3 class=\"\" data-start=\"1739\" data-end=\"1756\">Modifications<\/h3><p class=\"\" data-start=\"1758\" data-end=\"1943\"><strong data-start=\"1758\" data-end=\"1774\">Food Compta<\/strong> se r\u00e9serve le droit de modifier \u00e0 tout moment les pr\u00e9sentes mentions l\u00e9gales. La date de mise \u00e0 jour est indiqu\u00e9e ci-dessous.<br data-start=\"1900\" data-end=\"1903\" \/><strong data-start=\"1903\" data-end=\"1943\">Derni\u00e8re mise \u00e0 jour : 30 Avril<\/strong><\/p><hr class=\"\" data-start=\"1945\" data-end=\"1948\" \/><h3 class=\"\" data-start=\"1950\" data-end=\"1970\">Droit applicable<\/h3><p class=\"\" data-start=\"1972\" data-end=\"2118\">Les pr\u00e9sentes mentions l\u00e9gales sont soumises au <strong data-start=\"2020\" data-end=\"2035\">droit belge<\/strong>. Tout litige sera soumis \u00e0 la comp\u00e9tence exclusive des tribunaux de <strong data-start=\"2104\" data-end=\"2117\">Bruxelles<\/strong>.<\/p>\t\t\t\t\t\t\t\t<\/div>\n\t\t\t\t<\/div>\n\t\t\t\t<\/div>\n\t\t\t\t\t<\/div>\n\t\t\t\t<\/div>\n\t\t\t\t<\/div>\n\t\t","protected":false},"excerpt":{"rendered":"<p>Mentions l\u00e9gales Accueil Mentions l\u00e9gales Mentions l\u00e9gales \u00c9diteur du site Le site www.foodcompta.be est \u00e9dit\u00e9 par : Connect &amp; Co SRLNum\u00e9ro d\u2019entreprise : BE 0794.731.787Adresse : Av. Montjoie 253\/B, 1180 Uccle, BelgiqueEmail : foodcompta.be@gmail.comT\u00e9l\u00e9phone : +32 2 344.00.47 Directeur de la publication Le directeur de la publication du site est Thierry Kahn H\u00e9bergement Le site [&hellip;]<\/p>\n","protected":false},"author":3,"featured_media":0,"parent":0,"menu_order":0,"comment_status":"closed","ping_status":"closed","template":"","meta":{"footnotes":""},"class_list":["post-1254","page","type-page","status-publish","hentry"],"yoast_head":"<!-- This site is optimized with the Yoast SEO plugin v25.3 - https:\/\/yoast.com\/wordpress\/plugins\/seo\/ -->\n<title>Mentions l\u00e9gales - Food Compta<\/title>\n<meta name=\"robots\" content=\"noindex, follow, max-snippet:-1, max-image-preview:large, max-video-preview:-1\" \/>\n<meta property=\"og:locale\" content=\"fr_FR\" \/>\n<meta property=\"og:type\" content=\"article\" \/>\n<meta property=\"og:title\" content=\"Mentions l\u00e9gales - Food Compta\" \/>\n<meta property=\"og:description\" content=\"Mentions l\u00e9gales Accueil Mentions l\u00e9gales Mentions l\u00e9gales \u00c9diteur du site Le site www.foodcompta.be est \u00e9dit\u00e9 par : Connect &amp; Co SRLNum\u00e9ro d\u2019entreprise : BE 0794.731.787Adresse : Av. Montjoie 253\/B, 1180 Uccle, BelgiqueEmail : foodcompta.be@gmail.comT\u00e9l\u00e9phone : +32 2 344.00.47 Directeur de la publication Le directeur de la publication du site est Thierry Kahn H\u00e9bergement Le site [&hellip;]\" \/>\n<meta property=\"og:url\" content=\"https:\/\/ergoproduit.com\/?page_id=1254\" \/>\n<meta property=\"og:site_name\" content=\"Food Compta\" \/>\n<meta property=\"article:publisher\" content=\"https:\/\/www.facebook.com\/FoodCompta\" \/>\n<meta property=\"article:modified_time\" content=\"2025-06-01T13:36:44+00:00\" \/>\n<meta name=\"twitter:card\" content=\"summary_large_image\" \/>\n<meta name=\"twitter:label1\" content=\"Dur\u00e9e de lecture estim\u00e9e\" \/>\n\t<meta name=\"twitter:data1\" content=\"1 minute\" \/>\n<script type=\"application\/ld+json\" class=\"yoast-schema-graph\">{\"@context\":\"https:\/\/schema.org\",\"@graph\":[{\"@type\":\"WebPage\",\"@id\":\"https:\/\/ergoproduit.com\/?page_id=1254\",\"url\":\"https:\/\/ergoproduit.com\/?page_id=1254\",\"name\":\"Mentions l\u00e9gales - Food Compta\",\"isPartOf\":{\"@id\":\"https:\/\/ergoproduit.com\/#website\"},\"datePublished\":\"2025-06-01T13:31:34+00:00\",\"dateModified\":\"2025-06-01T13:36:44+00:00\",\"breadcrumb\":{\"@id\":\"https:\/\/ergoproduit.com\/?page_id=1254#breadcrumb\"},\"inLanguage\":\"fr-FR\",\"potentialAction\":[{\"@type\":\"ReadAction\",\"target\":[\"https:\/\/ergoproduit.com\/?page_id=1254\"]}]},{\"@type\":\"BreadcrumbList\",\"@id\":\"https:\/\/ergoproduit.com\/?page_id=1254#breadcrumb\",\"itemListElement\":[{\"@type\":\"ListItem\",\"position\":1,\"name\":\"Accueil\",\"item\":\"https:\/\/ergoproduit.com\/\"},{\"@type\":\"ListItem\",\"position\":2,\"name\":\"Mentions l\u00e9gales\"}]},{\"@type\":\"WebSite\",\"@id\":\"https:\/\/ergoproduit.com\/#website\",\"url\":\"https:\/\/ergoproduit.com\/\",\"name\":\"Food Compta\",\"description\":\"La comptabilit\u00e9 pens\u00e9e l&#039;horeca\",\"publisher\":{\"@id\":\"https:\/\/ergoproduit.com\/#organization\"},\"potentialAction\":[{\"@type\":\"SearchAction\",\"target\":{\"@type\":\"EntryPoint\",\"urlTemplate\":\"https:\/\/ergoproduit.com\/?s={search_term_string}\"},\"query-input\":{\"@type\":\"PropertyValueSpecification\",\"valueRequired\":true,\"valueName\":\"search_term_string\"}}],\"inLanguage\":\"fr-FR\"},{\"@type\":\"Organization\",\"@id\":\"https:\/\/ergoproduit.com\/#organization\",\"name\":\"Food Compta\",\"url\":\"https:\/\/ergoproduit.com\/\",\"logo\":{\"@type\":\"ImageObject\",\"inLanguage\":\"fr-FR\",\"@id\":\"https:\/\/ergoproduit.com\/#\/schema\/logo\/image\/\",\"url\":\"https:\/\/ergoproduit.com\/wp-content\/uploads\/2025\/05\/cropped-Logo-4.png\",\"contentUrl\":\"https:\/\/ergoproduit.com\/wp-content\/uploads\/2025\/05\/cropped-Logo-4.png\",\"width\":839,\"height\":374,\"caption\":\"Food Compta\"},\"image\":{\"@id\":\"https:\/\/ergoproduit.com\/#\/schema\/logo\/image\/\"},\"sameAs\":[\"https:\/\/www.facebook.com\/FoodCompta\",\"https:\/\/www.linkedin.com\/company\/food-compta\/\"]}]}<\/script>\n<!-- \/ Yoast SEO plugin. -->","yoast_head_json":{"title":"Mentions l\u00e9gales - Food Compta","robots":{"index":"noindex","follow":"follow","max-snippet":"max-snippet:-1","max-image-preview":"max-image-preview:large","max-video-preview":"max-video-preview:-1"},"og_locale":"fr_FR","og_type":"article","og_title":"Mentions l\u00e9gales - Food Compta","og_description":"Mentions l\u00e9gales Accueil Mentions l\u00e9gales Mentions l\u00e9gales \u00c9diteur du site Le site www.foodcompta.be est \u00e9dit\u00e9 par : Connect &amp; Co SRLNum\u00e9ro d\u2019entreprise : BE 0794.731.787Adresse : Av. Montjoie 253\/B, 1180 Uccle, BelgiqueEmail : foodcompta.be@gmail.comT\u00e9l\u00e9phone : +32 2 344.00.47 Directeur de la publication Le directeur de la publication du site est Thierry Kahn H\u00e9bergement Le site [&hellip;]","og_url":"https:\/\/ergoproduit.com\/?page_id=1254","og_site_name":"Food Compta","article_publisher":"https:\/\/www.facebook.com\/FoodCompta","article_modified_time":"2025-06-01T13:36:44+00:00","twitter_card":"summary_large_image","twitter_misc":{"Dur\u00e9e de lecture estim\u00e9e":"1 minute"},"schema":{"@context":"https:\/\/schema.org","@graph":[{"@type":"WebPage","@id":"https:\/\/ergoproduit.com\/?page_id=1254","url":"https:\/\/ergoproduit.com\/?page_id=1254","name":"Mentions l\u00e9gales - Food Compta","isPartOf":{"@id":"https:\/\/ergoproduit.com\/#website"},"datePublished":"2025-06-01T13:31:34+00:00","dateModified":"2025-06-01T13:36:44+00:00","breadcrumb":{"@id":"https:\/\/ergoproduit.com\/?page_id=1254#breadcrumb"},"inLanguage":"fr-FR","potentialAction":[{"@type":"ReadAction","target":["https:\/\/ergoproduit.com\/?page_id=1254"]}]},{"@type":"BreadcrumbList","@id":"https:\/\/ergoproduit.com\/?page_id=1254#breadcrumb","itemListElement":[{"@type":"ListItem","position":1,"name":"Accueil","item":"https:\/\/ergoproduit.com\/"},{"@type":"ListItem","position":2,"name":"Mentions l\u00e9gales"}]},{"@type":"WebSite","@id":"https:\/\/ergoproduit.com\/#website","url":"https:\/\/ergoproduit.com\/","name":"Food Compta","description":"La comptabilit\u00e9 pens\u00e9e l&#039;horeca","publisher":{"@id":"https:\/\/ergoproduit.com\/#organization"},"potentialAction":[{"@type":"SearchAction","target":{"@type":"EntryPoint","urlTemplate":"https:\/\/ergoproduit.com\/?s={search_term_string}"},"query-input":{"@type":"PropertyValueSpecification","valueRequired":true,"valueName":"search_term_string"}}],"inLanguage":"fr-FR"},{"@type":"Organization","@id":"https:\/\/ergoproduit.com\/#organization","name":"Food Compta","url":"https:\/\/ergoproduit.com\/","logo":{"@type":"ImageObject","inLanguage":"fr-FR","@id":"https:\/\/ergoproduit.com\/#\/schema\/logo\/image\/","url":"https:\/\/ergoproduit.com\/wp-content\/uploads\/2025\/05\/cropped-Logo-4.png","contentUrl":"https:\/\/ergoproduit.com\/wp-content\/uploads\/2025\/05\/cropped-Logo-4.png","width":839,"height":374,"caption":"Food Compta"},"image":{"@id":"https:\/\/ergoproduit.com\/#\/schema\/logo\/image\/"},"sameAs":["https:\/\/www.facebook.com\/FoodCompta","https:\/\/www.linkedin.com\/company\/food-compta\/"]}]}},"_links":{"self":[{"href":"https:\/\/ergoproduit.com\/index.php?rest_route=\/wp\/v2\/pages\/1254","targetHints":{"allow":["GET"]}}],"collection":[{"href":"https:\/\/ergoproduit.com\/index.php?rest_route=\/wp\/v2\/pages"}],"about":[{"href":"https:\/\/ergoproduit.com\/index.php?rest_route=\/wp\/v2\/types\/page"}],"author":[{"embeddable":true,"href":"https:\/\/ergoproduit.com\/index.php?rest_route=\/wp\/v2\/users\/3"}],"replies":[{"embeddable":true,"href":"https:\/\/ergoproduit.com\/index.php?rest_route=%2Fwp%2Fv2%2Fcomments&post=1254"}],"version-history":[{"count":4,"href":"https:\/\/ergoproduit.com\/index.php?rest_route=\/wp\/v2\/pages\/1254\/revisions"}],"predecessor-version":[{"id":1258,"href":"https:\/\/ergoproduit.com\/index.php?rest_route=\/wp\/v2\/pages\/1254\/revisions\/1258"}],"wp:attachment":[{"href":"https:\/\/ergoproduit.com\/index.php?rest_route=%2Fwp%2Fv2%2Fmedia&parent=1254"}],"curies":[{"name":"wp","href":"https:\/\/api.w.org\/{rel}","templated":true}]}}